pose 48*i = -115*i - 6*i + 113906. Calculate the remainder when i is divided by 138.
122
Let y = -150 - -166. Suppose -65*o = -y*o - 833. What is the remainder when o is divided by 16?
1
Let b(w) = w**2 + 13*w - 28. Let l(i) = -i**2 - i - 16. Let u be l(0). What is the remainder when 54 is divided by b(u)?
14
Suppose -886 = -16*f - 230. Suppose 286 = 5*m + 2*b, 4*m - 5*b = 3*m + f. Calculate the remainder when 223 is divided by m.
55
Let c = 1613 + -1086. Calculate the remainder when c is divided by 102.
17
Suppose -2*a + 165 = 5*m + 3*a, -5*a + 105 = 3*m. Suppose -281 = -2*j + 91*i - 86*i, -5*i = 2*j - 191. What is the remainder when j is divided by m?
28
Let z = -4 - 4. Let a = 10 - z. Let p = -104 - -155. What is the remainder when p is divided by a?
15
Let s be (56 + -4 + 2)/1. Suppose -2*f - s = -4*f. Suppose -3*t = q - 317, 3*q = 4*t - 415 + 1. What is the remainder when t is divided by f?
24
Let p = 45545 - 39677. Calculate the remainder when p is divided by 1956.
0
Suppose -5*r + 3*t = -422, -49*t + 76 = r - 51*t. Calculate the remainder when 505 is divided by r.
65
Let p be (-56)/(-588) + 53924/42. Suppose 38*t = 34*t + p. Calculate the remainder when t is divided by 81.
78
Let t = 4648 - 1258. Calculate the remainder when t is divided by 21.
9
Let a(f) = 19*f + 33. What is the remainder when 4056 is divided by a(0)?
30
Let d be (-1)/15*-3*445. Let j = 205 - d. Suppose 6*f - 2*f = j. Calculate the remainder when f is divided by 6.
5
Suppose 6*f + 3*k = 5649, 2*k + 527 = 2*f - 1347. What is the remainder when f is divided by 26?
4
Suppose 4*v = v - 54. What is the remainder when ((-2)/(-3))/(2/225) is divided by (3/(v/(-4)))/(12/486)?
21
Suppose 13*x - 477 - 4255 = 0. Calculate the remainder when x is divided by 94.
82
Let f = -258 - -296. Suppose 24*t - 5*t = f. Calculate the remainder when 2 is divided by t.
0
Suppose -104*x = -122*x + 1764. What is the remainder when 704 is divided by x?
18
Let t(u) = 390*u - 250. Let v be t(13). Suppose v = 15*h + 5*h. Let z(o) = -17*o - 2. What is the remainder when h is divided by z(-3)?
45
Suppose 8*y - 3*o = 267, 33*y - 5*o + 127 = 37*y. Calculate the remainder when 3463 is divided by y.
31
Suppose -3*q + 101 = -133. What is the remainder when q is divided by (17 - 2816/(-132))*(-6)/(-5)?
32
Let y = 28 + -1. What is the remainder when 1 - -12*12/3 is divided by y?
22
Let m = 10498 + -9496. What is the remainder when m is divided by 49?
22
Suppose -1568 = -71*w + 2411 - 145. Calculate the remainder when (1 + 131/(-2))*-4 is divided by w.
42
Calculate the remainder when 210 is divided by -4*((-42)/(-16) + 105/(-42))*-114.
39
Let r = -13889 - -13952. What is the remainder when 1125 is divided by r?
54
Suppose s - 28 = -4*b, -3*s = 15*b - 16*b - 19. Suppose 4*h - 11 = -2*m + 3*m, 3*m = 3*h + 3. What is the remainder when s is divided by m?
3
Suppose -5*x + 182 = t, -662 - 88 = -4*t + 2*x. Calculate the remainder when t is divided by 21.
19
Let g = 9 + 12. Suppose 0 = 15*j + 52*j - 24*j - 4042. What is the remainder when j is divided by g?
10
Suppose -5*m - 2*o = -2774, -4*m + 791 + 1417 = 3*o. Calculate the remainder when m is divided by 48.
30
Suppose -t = -35 - 31. Let w = t - 47. Suppose n = -2*j + 67, -41*j - 5*n = -45*j + 127. What is the remainder when j is divided by w?
14
Let s = -10278 + 10704. What is the remainder when s is divided by 80?
26
Let g(a) = 4*a**3 - 96*a**2 - 97*a - 54. What is the remainder when 2073 is divided by g(25)?
15
Suppose 57*b = 28*b + 20*b + 198. Calculate the remainder when 109 is divided by b.
21
Suppose 2*d - k = 7, -2*k + 6 = -3*d + 16. Let q be 5*(-1 + (-1 - -1))*-22. Suppose c - q = -d*c. What is the remainder when c is divided by 8?
6
Let g(b) = 11*b + 93. Suppose 8*u - 18*u = -60. Calculate the remainder when g(u) is divided by 20.
19
Calculate the remainder when 784 is divided by (215 + -689)*(-4)/6.
152
Suppose -3*m + 231 = 3*q, -181*m - 4*q + 389 = -176*m. What is the remainder when m is divided by 20 - -2 - 4/(-2)?
9
Let r(o) = -o**3 + 12*o**2 + 29*o - 145. Calculate the remainder when 282 is divided by r(13).
30
Let w be ((-16)/(-32))/((-2)/(-48)). Let i(s) = 6*s - 16. Let l be i(3). What is the remainder when (l - 30/w)/(1/(-202)) is divided by 17?
16
Suppose o - f = 110 + 11, -f = -2*o + 247. Let v = -101 + 127. What is the remainder when o is divided by v?
22
Let c(l) = 31*l**2 + 1159*l + 3471. What is the remainder when 5732 is divided by c(-3)?
272
Let n = -123 + 109. Let v = -40 + n. Let r = 63 - v. What is the remainder when r is divided by 40?
37
Suppose 9*s = 5*s - 276. Let k = -107 - s. Calculate the remainder when (1 - k)/(22 + -21) is divided by 14.
11
Let n(t) be the third derivative of t**6/120 + t**5/30 - t**4/12 + 5*t**3/6 - 7*t**2 - 2. Calculate the remainder when ((-6)/4)/(3/(-16)) is divided by n(-3).
0
Suppose 456 = 4*p - 148. Let x(z) = -z**3 + 8*z**2 - 7*z + 8. What is the remainder when p is divided by x(6)?
37
Suppose -m - 21 = -9*b + 7*b, 3*b - 44 = 2*m. What is the remainder when 87/8 + m/(-200) is divided by 3?
2
Let z = 13 + -20. Let h be (-66)/z - (-6)/(-14). Calculate the remainder when (-33)/((h/6)/(-1)) is divided by 6.
4
Suppose -13*w + 91 = -0*w. Let q(u) = -u + 22. What is the remainder when q(6) is divided by w?
2
Suppose -65 = 2*n - 7*n. Let j(b) = b**3 - 26*b**2 + 29*b - 76. Let d be ((-15)/6)/(-5)*(53 + -3). Calculate the remainder when j(d) is divided by n.
11
Suppose -325 = -11*q - 27*q + 13*q. What is the remainder when 1748 is divided by q?
6
Let v(o) be the second derivative of o**4/4 + o**3/2 - 2*o**2 + 85*o. Let y be (-1)/(-3) + (-11)/(-3). What is the remainder when v(y) is divided by 12?
8
Let u(h) = 80*h + 14. What is the remainder when 2211 is divided by u(0)?
13
Suppose -3090*j + 3104*j - 25690 = 0. What is the remainder when j is divided by 76?
11
Let q = -11376 - -11426. Calculate the remainder when 7049 is divided by q.
49
Suppose 4*i = 6*i - 6. Suppose 6*z - 12 = i*z. Suppose -72 = -2*d + z*y + 22, 0 = -d + 4*y + 43. Calculate the remainder when d is divided by 9.
6
Let d(k) = 135*k**2 - 2*k - 1. Suppose -1347*z + 657*z = -594*z + 837 - 3525. Calculate the remainder when d(-1) is divided by z.
24
Suppose 3*p = 26 - 11. Suppose -d = p, -6*h - 3*d - 27 = -9*h. Suppose 2*y - 6*y + 40 = -4*r, 5*y = h*r + 54. What is the remainder when 67 is divided by y?
11
Suppose 2 = x, 2019 = 8*t - 3*t - 3*x. Calculate the remainder when t is divided by 63.
27
Suppose -82 = 101*d + 94 - 1590. Suppose -31 = 4*r + 89. Let t = 22 - r. What is the remainder when t is divided by d?
10
Let n(i) = 242*i + 121. Calculate the remainder when n(1) is divided by 356.
7
Let f(y) = -367*y + 68. What is the remainder when f(-1) is divided by 104?
19
Let c(g) = -g**3 + 5*g**2 - g - 15. Let h be c(4). Calculate the remainder when 50 is divided by (-4)/(-5) - (h + (-1)/5).
2
Let c be (0 + 0/1)/2 - 11. Let r = 10 + c. Calculate the remainder when (2 + r)/((-4)/(-52)) is divided by 7.
6
Let i be ((-35)/(-21))/((-2)/(-6)). Suppose 5*a - a - 217 = -i*k, 3*k - 5*a = 145. Calculate the remainder when 64 is divided by k.
19
Suppose 5*v = 3*n + 460 - 80, 0 = 5*v + 2*n - 380. Suppose -3*s = -5*w + 64, 2*w = s + 93 - 68. Calculate the remainder when v is divided by w.
10
Let k(m) = 15*m + 156. What is the remainder when 169 is divided by k(-4)?
73
Let a be (-15)/10 + 1 - (-3)/(-2). Let i(x) = -33*x**3 + 4*x**2 - 6*x - 18. What is the remainder when i(a) is divided by 12?
10
Let z(s) = s**3 + 18*s**2 + 5*s - 14. Suppose 0 = 4*d + 3*v + 72, -4*v = -0*v. Let o be z(d). Let w = o + 143. What is the remainder when w is divided by 7?
4
Suppose 5*i + 3*n = 967, 0 = -9*n + 13*n + 4. Let o = i + 33. Calculate the remainder when o is divided by 46.
43
Suppose -2*v = -4*o - 164, -5*v + 2352 = 2*o + 1858. Let m = 29 - 18. Calculate the remainder when v is divided by m.
8
Let i(f) = 2*f**2 - 13*f - 21. Let t be i(8). Calculate the remainder when 68 is divided by (t - 5)/(4 - (-378)/(-93)).
6
Suppose 0*r + r = 4*l - 15, l = r. Let f(u) = 123*u**3 + 2*u**2 - 2*u + 1. What is the remainder when f(1) is divided by l?
4
Let t(y) = -58*y**3 - 5*y**2 + 5*y - 6. Let v(l) = l**3 + 2*l - 1. Let j(z) = t(z) - 4*v(z). What is the remainder when j(-1) is divided 